{"id":5687,"date":"2016-05-10T08:49:41","date_gmt":"2016-05-10T08:49:41","guid":{"rendered":"http:\/\/localhost:8888\/themes\/ventory\/?page_id=5687"},"modified":"2016-12-23T17:45:18","modified_gmt":"2016-12-23T17:45:18","slug":"certificates","status":"publish","type":"page","link":"http:\/\/www.fars-inox.com\/bih\/certificates\/","title":{"rendered":"Certifikati"},"content":{"rendered":"<p>[vc_row bg_image=&#8221;16359&#8243; bg_repeat=&#8221;no-repeat&#8221; top_padding=&#8221;160&#8243; bottom_padding=&#8221;171&#8243;][vc_column width=&#8221;1\/1&#8243;]<h1 class=\"headline font-inherit fontsize-xxxxxl fontweight-300 lh-12 align-left transform-inherit \" style=\"margin: 0; color: #ffffff;\">\u010cista voda<br \/>\nzna\u010di \u017eivot.<\/h1>[\/vc_column][\/vc_row][vc_row type=&#8221;full_width_section&#8221; text_color=&#8221;light&#8221; text_align=&#8221;right&#8221; bg_position=&#8221;left top&#8221;][vc_column width=&#8221;1\/1&#8243;]<div class=\"newdivider align-center\" style=\"border-bottom-style: solid; border-color: #14b0e6; border-bottom-width: 2px; margin-top: 0; margin-bottom: 0; width: 100%; \"><\/div><div class=\"clear\"><\/div>[\/vc_column][\/vc_row][vc_row text_color=&#8221;custom&#8221; top_padding=&#8221;100&#8243; bottom_padding=&#8221;100&#8243; bg_position=&#8221;left top&#8221;][vc_column width=&#8221;1\/2&#8243;][vc_column_text]<\/p>\n<h6>DA LI STE ZNALI?<\/h6>\n<p>1,1 milijardi ljudi \u017eivi bez pristupa \u010distoj vodi za pi\u0107e.<br \/>\nSvaka osma osoba nema pristup \u010distoj vodi. Dakle, za\u0161to je \u010dista voda<br \/>\ntoliko bitna?\u00a0Stvaranje pristupa pitkoj vodi za svakoga je\u00a0na\u010din<br \/>\nda se pobolj\u0161a svijet.[\/vc_column_text][\/vc_column][vc_column width=&#8221;1\/2&#8243;][vc_column_text]<\/p>\n<h6>SVAKA KAP JE VA\u017dNA!<\/h6>\n<p>Armatura koja kaplje samo jednom u sekundi,<br \/>\ntro\u0161i 102.000 litara \u010diste vode godi\u0161nje.<\/p>\n<p><span style=\"color: #14b0e6;\">Svaka kap je va\u017ena &#8211; Sa\u010duvajmo \u010distu vodu.<\/span>[\/vc_column_text][\/vc_column][\/vc_row][vc_row type=&#8221;full_width_section&#8221; text_color=&#8221;light&#8221; text_align=&#8221;right&#8221; bg_position=&#8221;left top&#8221;][vc_column width=&#8221;1\/1&#8243;]<div class=\"newdivider align-center\" style=\"border-bottom-style: solid; border-color: #cccccc; border-bottom-width: 1px; margin-top: 0; margin-bottom: 0; width: 100%; \"><\/div><div class=\"clear\"><\/div>[\/vc_column][\/vc_row][vc_row bg_image=&#8221;16343&#8243; bg_repeat=&#8221;no-repeat&#8221; text_color=&#8221;light&#8221; text_align=&#8221;right&#8221; top_padding=&#8221;50&#8243; bottom_padding=&#8221;40&#8243; bg_position=&#8221;left top&#8221;][vc_column width=&#8221;1\/1&#8243;]<h2 class=\"headline font-special fontsize-m fontweight-900 lh-16 align-right transform-inherit \" style=\"margin: 250px 0 0 0; color: #424242;\"><strong>SANITARNA PODOBNOST<\/strong><br \/>\nFars-Inox proizvodi posjeduju<br \/>\ncertifikat za higijensku upotrebljivost,<br \/>\nkoja je neophodna za zdravlje korisnika.<\/h2>[\/vc_column][\/vc_row][vc_row type=&#8221;full_width_section&#8221; text_color=&#8221;light&#8221; text_align=&#8221;right&#8221; bg_position=&#8221;left top&#8221;][vc_column width=&#8221;1\/1&#8243;]<div class=\"newdivider align-center\" style=\"border-bottom-style: solid; border-color: #cccccc; border-bottom-width: 1px; margin-top: 0; margin-bottom: 0; width: 100%; \"><\/div><div class=\"clear\"><\/div>[\/vc_column][\/vc_row][vc_row bg_color=&#8221;#14b0e6&#8243; text_color=&#8221;light&#8221; top_padding=&#8221;50&#8243; bottom_padding=&#8221;50&#8243; bg_position=&#8221;left top&#8221;][vc_column width=&#8221;1\/3&#8243;]<div class=\"iconbox  wpb_content_element iconbox-style-2 icon-color-greyscale color-dark clearfix\"><div class=\"iconbox-icon\"><i class=\"fa sl-badge boxicon\" style=\"\"><\/i><\/div><div class=\"iconbox-content\"><h3>Sanitarna podobnost<\/h3><p>Sanitarna podobnost\u00a0proizvoda i materijala koji dolaze u kontakt s\u00a0hranom.<\/p><\/div><\/div>[\/vc_column][vc_column width=&#8221;1\/3&#8243;]<div class=\"iconbox  wpb_content_element iconbox-style-2 icon-color-greyscale color-dark clearfix\"><div class=\"iconbox-icon\"><i class=\"fa sl-badge boxicon\" style=\"\"><\/i><\/div><div class=\"iconbox-content\"><h3>Podobnost sanitarnog materijala<\/h3><p>Pravilnik o materijalima i predmetima koji dolaze u kontakt s\u00a0hranom.<\/p><\/div><\/div>[\/vc_column][vc_column width=&#8221;1\/3&#8243;]<div class=\"iconbox  wpb_content_element iconbox-style-2 icon-color-greyscale color-dark clearfix\"><div class=\"iconbox-icon\"><i class=\"fa sl-badge boxicon\" style=\"\"><\/i><\/div><div class=\"iconbox-content\"><h3>Podobnost sanitarne vode<\/h3><p>Pravilnik o vodi za pi\u0107e.<\/p><\/div><\/div>[\/vc_column][\/vc_row][vc_row top_padding=&#8221;75&#8243; bottom_padding=&#8221;60&#8243; bg_position=&#8221;left top&#8221;][vc_column width=&#8221;1\/1&#8243;]<h2 class=\"headline font-special fontsize-l fontweight-700 lh-inherit align-center transform-uppercase \" style=\"margin: 0; color: #444444;\">NA\u0160I CERTIFIKATI<\/h2><div class=\"headline font-inherit fontsize-s fontweight-700 lh-16 align-center transform-inherit \" style=\"margin: 0; color: #14b0e6;\">Na\u0161e armature pru\u017eaju maksimalnu sigurnost za korisnike u pogledu zdravlja i higijene,<br \/>\na to je potvr\u0111eno od strane instituta za javno zdravstvo u zemljama Europske unije.<\/div>[\/vc_column][\/vc_row][vc_row bottom_padding=&#8221;50&#8243; bg_position=&#8221;center center&#8221;][vc_column width=&#8221;1\/3&#8243;]<div class=\"member wpb_content_element\"><div class=\"member-img\"><img decoding=\"async\" src=\"http:\/\/www.fars-inox.com\/bih\/wp-content\/uploads\/2016\/05\/certif_2.jpg\" alt=\"\" \/><\/div><h4>CERTIFIKAT #1<\/h4><div class=\"member-role\">Izjava o uskla\u0111enosti za sve sanitarne armature iz asortimana Fars-Inox.<\/div><div class=\"member-content\"><p><a href=\"http:\/\/www.fars-inox.com\/v2\/pdf_drawings\/IZJAVA_O_USKLADJENOSTI.pdf\" target=\"_self\" class=\"button color-1 medium \" style=\"border-radius: 2px;\">PREUZMI CERTIFIKAT<\/a><\/p><\/div><\/div>[\/vc_column][vc_column width=&#8221;1\/3&#8243;]<div class=\"member wpb_content_element\"><div class=\"member-img\"><img decoding=\"async\" src=\"http:\/\/www.fars-inox.com\/bih\/wp-content\/uploads\/2016\/05\/certif_3.jpg\" alt=\"\" \/><\/div><h4>CERTIFIKAT #2<\/h4><div class=\"member-role\">Ispitni izvje\u0161taj za materijal armature ura\u0111en od strane Hrvatskog zavoda za javno zdravstvo, EU<\/div><div class=\"member-content\"><p><a href=\"http:\/\/www.fars-inox.com\/v2\/pdf_drawings\/Izjava_HR.pdf\" target=\"_self\" class=\"button color-1 medium \" style=\"border-radius: 2px;\">PREUZMI CERTIFIKAT<\/a><\/p><\/div><\/div>[\/vc_column][vc_column width=&#8221;1\/3&#8243;]<div class=\"member wpb_content_element\"><div class=\"member-img\"><img decoding=\"async\" src=\"http:\/\/www.fars-inox.com\/bih\/wp-content\/uploads\/2016\/05\/certif_4.jpg\" alt=\"\" \/><\/div><h4>CERTIFIKAT #3<\/h4><div class=\"member-role\">Potvrda o zadovoljavanju standarda od strane Zavoda za javno zdravstvo Slovenija, EU<\/div><div class=\"member-content\"><p><a href=\"http:\/\/www.fars-inox.com\/v2\/pdf_drawings\/Izjava_DE_EN.pdf\" target=\"_self\" class=\"button color-1 medium \" style=\"border-radius: 2px;\">PREUZMI CERTIFIKAT<\/a><\/p><\/div><\/div>[\/vc_column][\/vc_row][vc_row type=&#8221;full_width_section&#8221; text_color=&#8221;light&#8221; text_align=&#8221;right&#8221; bg_position=&#8221;left top&#8221;][vc_column width=&#8221;1\/1&#8243;]<div class=\"newdivider align-center\" style=\"border-bottom-style: solid; border-color: #14b0e6; border-bottom-width: 6px; margin-top: 0; margin-bottom: 0; width: 100%; \"><\/div><div class=\"clear\"><\/div>[\/vc_column][\/vc_row]<\/p>\n","protected":false},"excerpt":{"rendered":"<p>[vc_row bg_image=&#8221;16359&#8243; bg_repeat=&#8221;no-repeat&#8221; top_padding=&#8221;160&#8243; bottom_padding=&#8221;171&#8243;][vc_column width=&#8221;1\/1&#8243;][\/vc_column][\/vc_row][vc_row type=&#8221;full_width_section&#8221; text_color=&#8221;light&#8221; text_align=&#8221;right&#8221; bg_position=&#8221;left top&#8221;][vc_column width=&#8221;1\/1&#8243;][\/vc_column][\/vc_row][vc_row text_color=&#8221;custom&#8221; top_padding=&#8221;100&#8243; bottom_padding=&#8221;100&#8243; bg_position=&#8221;left top&#8221;][vc_column width=&#8221;1\/2&#8243;][vc_column_text] DA LI STE ZNALI? 1,1 milijardi ljudi \u017eivi bez pristupa \u010distoj vodi za pi\u0107e. Svaka osma osoba nema pristup \u010distoj vodi. Dakle, za\u0161to je \u010dista voda toliko bitna?\u00a0Stvaranje pristupa pitkoj vodi za svakoga je\u00a0na\u010din da se pobolj\u0161a svijet.[\/vc_column_text][\/vc_column][vc_column width=&#8221;1\/2&#8243;][vc_column_text] SVAKA KAP JE VA\u017dNA! Armatura koja kaplje samo jednom u sekundi, tro\u0161i 102.000 litara \u010diste vode godi\u0161nje. Svaka kap je va\u017ena &#8211; Sa\u010duvajmo \u010distu vodu.[\/vc_column_text][\/vc_column][\/vc_row][vc_row type=&#8221;full_width_section&#8221; text_color=&#8221;light&#8221; text_align=&#8221;right&#8221; bg_position=&#8221;left top&#8221;][vc_column width=&#8221;1\/1&#8243;][\/vc_column][\/vc_row][vc_row bg_image=&#8221;16343&#8243; bg_repeat=&#8221;no-repeat&#8221; text_color=&#8221;light&#8221; text_align=&#8221;right&#8221; top_padding=&#8221;50&#8243; bottom_padding=&#8221;40&#8243; bg_position=&#8221;left top&#8221;][vc_column width=&#8221;1\/1&#8243;][\/vc_column][\/vc_row][vc_row type=&#8221;full_width_section&#8221; text_color=&#8221;light&#8221; text_align=&#8221;right&#8221; bg_position=&#8221;left top&#8221;][vc_column width=&#8221;1\/1&#8243;][\/vc_column][\/vc_row][vc_row bg_color=&#8221;#14b0e6&#8243; text_color=&#8221;light&#8221; top_padding=&#8221;50&#8243; bottom_padding=&#8221;50&#8243; bg_position=&#8221;left top&#8221;][vc_column width=&#8221;1\/3&#8243;][\/vc_column][vc_column width=&#8221;1\/3&#8243;][\/vc_column][vc_column width=&#8221;1\/3&#8243;][\/vc_column][\/vc_row][vc_row top_padding=&#8221;75&#8243; bottom_padding=&#8221;60&#8243; bg_position=&#8221;left top&#8221;][vc_column width=&#8221;1\/1&#8243;][\/vc_column][\/vc_row][vc_row bottom_padding=&#8221;50&#8243; bg_position=&#8221;center center&#8221;][vc_column width=&#8221;1\/3&#8243;][\/vc_column][vc_column width=&#8221;1\/3&#8243;][\/vc_column][vc_column width=&#8221;1\/3&#8243;][\/vc_column][\/vc_row][vc_row type=&#8221;full_width_section&#8221; text_color=&#8221;light&#8221; text_align=&#8221;right&#8221; bg_position=&#8221;left top&#8221;][vc_column width=&#8221;1\/1&#8243;][\/vc_column][\/vc_row]<\/p>\n","protected":false},"author":1,"featured_media":0,"parent":0,"menu_order":0,"comment_status":"closed","ping_status":"closed","template":"","meta":{"footnotes":""},"class_list":["post-5687","page","type-page","status-publish","hentry"],"_links":{"self":[{"href":"http:\/\/www.fars-inox.com\/bih\/wp-json\/wp\/v2\/pages\/5687","targetHints":{"allow":["GET"]}}],"collection":[{"href":"http:\/\/www.fars-inox.com\/bih\/wp-json\/wp\/v2\/pages"}],"about":[{"href":"http:\/\/www.fars-inox.com\/bih\/wp-json\/wp\/v2\/types\/page"}],"author":[{"embeddable":true,"href":"http:\/\/www.fars-inox.com\/bih\/wp-json\/wp\/v2\/users\/1"}],"replies":[{"embeddable":true,"href":"http:\/\/www.fars-inox.com\/bih\/wp-json\/wp\/v2\/comments?post=5687"}],"version-history":[{"count":155,"href":"http:\/\/www.fars-inox.com\/bih\/wp-json\/wp\/v2\/pages\/5687\/revisions"}],"predecessor-version":[{"id":16854,"href":"http:\/\/www.fars-inox.com\/bih\/wp-json\/wp\/v2\/pages\/5687\/revisions\/16854"}],"wp:attachment":[{"href":"http:\/\/www.fars-inox.com\/bih\/wp-json\/wp\/v2\/media?parent=5687"}],"curies":[{"name":"wp","href":"https:\/\/api.w.org\/{rel}","templated":true}]}}